{"id":198,"date":"2022-02-19T17:30:13","date_gmt":"2022-02-19T17:30:13","guid":{"rendered":"https:\/\/huisgeuronline.nl\/?page_id=198"},"modified":"2022-04-07T12:15:47","modified_gmt":"2022-04-07T12:15:47","slug":"etherische-olien","status":"publish","type":"page","link":"https:\/\/huisgeuronline.nl\/index.php\/etherische-olien\/","title":{"rendered":"Etherische oli\u00ebn"},"content":{"rendered":"\n<div id=\"section-g84c4fb\" class=\"wp-block-gutentor-e1 section-g84c4fb gutentor-element gutentor-element-advanced-text text-align-center-desktop\"><div class=\"gutentor-text-wrap\"><p class=\"gutentor-text\">ETHERISCHE OLI\u00cbN<\/p><\/div><\/div>\n\n\n\n<div id=\"section-g873fc7\" class=\"wp-block-gutentor-e1 section-g873fc7 gutentor-element gutentor-element-advanced-text text-align-center-desktop\"><div class=\"gutentor-text-wrap\"><p class=\"gutentor-text\">Om een aangename sfeer te cre\u00ebren bij u thuis, maken wij gebruik van verscheidene etherische oli\u00ebn. <br>Hieronder is een overzicht te zien van onze collectie etherische oli\u00ebn waaruit u kan kiezen.&nbsp;&nbsp;<br><br>Etherische oli\u00ebn zijn gewonnen uit planten en vruchten en hebben een bijzondere werking.&nbsp;<br>Ze zorgen, naast een intense en heerlijke geur, ook voor kalmerende, reinigende en stimulerende effecten.<br>&nbsp;<br>Door deze etherische olie in een aroma diffuser te laten verdampen bevordert dit zowel de fysieke als mentale gezondheid, <br>laat het uw ontspannen en prettiger voelen, waardoor er een ultiem thuisgevoel ontstaat.<\/p><\/div><\/div>\n\n\n\n<div id=\"section-1b4b306a-c5ab-46f1-bbfb-991ffb0cc4c2\" class=\"wp-block-gutentor-gallery alignfull gutentor-section gutentor-gallery gutentor-gallery-wrapper enable-masonry gallery-template2\"><div class=\"grid-container gutentor-rm-ct-space\"><div class=\"grid-row gutentor-grid-item-wrap full-width-row gutentor-rm-row-space\"><div class=\"gutentor-gallery-item grid-lg-4 grid-md-4 grid-12 gutentor-rm-col-space\"><div class=\"gutentor-single-item gutentor-image gutentor-single-item-0\"><div class=\"gutentor-gallery-item-wrap\"><div class=\"gutentor-single-item-image-box\"><div class=\"gutentor-image-thumb\"><img decoding=\"async\" class=\"normal-image\" src=\"https:\/\/huisgeuronline.nl\/wp-content\/uploads\/2022\/02\/Olie-blauwe-bessen-2-met-eigen-logo.jpg\" alt=\"Etherische olie blauwe bessen\" \/><div class=\"overlay\"><\/div><\/div><\/div><div class=\"gutentor-single-item-content\"><div class=\"gutentor-gallery-item-header\"><h4 class=\"gutentor-single-item-title\">Blauwe bes<\/h4><a href=\"https:\/\/huisgeuronline.nl\/wp-content\/uploads\/2022\/02\/Olie-blauwe-bessen-2-met-eigen-logo.jpg\" class=\"image-gallery\"><i class=\"gallery-icon fas fa-search\"><\/i><\/a><\/div><div class=\"gutentor-gallery-item-desc\"><\/div><\/div><\/div><\/div><\/div><div class=\"gutentor-gallery-item grid-lg-4 grid-md-4 grid-12 gutentor-rm-col-space\"><div class=\"gutentor-single-item gutentor-image gutentor-single-item-1\"><div class=\"gutentor-gallery-item-wrap\"><div class=\"gutentor-single-item-image-box\"><div class=\"gutentor-image-thumb\"><img decoding=\"async\" class=\"normal-image\" src=\"https:\/\/huisgeuronline.nl\/wp-content\/uploads\/2022\/02\/Olie-citroen-met-eigen-logo.jpg\" alt=\"Etherische olie citroen \" \/><div class=\"overlay\"><\/div><\/div><\/div><div class=\"gutentor-single-item-content\"><div class=\"gutentor-gallery-item-header\"><h4 class=\"gutentor-single-item-title\">Citroen<\/h4><a href=\"https:\/\/huisgeuronline.nl\/wp-content\/uploads\/2022\/02\/Olie-citroen-met-eigen-logo.jpg\" class=\"image-gallery\"><i class=\"gallery-icon fas fa-search\"><\/i><\/a><\/div><div class=\"gutentor-gallery-item-desc\"><\/div><\/div><\/div><\/div><\/div><div class=\"gutentor-gallery-item grid-lg-4 grid-md-4 grid-12 gutentor-rm-col-space\"><div class=\"gutentor-single-item gutentor-image gutentor-single-item-2\"><div class=\"gutentor-gallery-item-wrap\"><div class=\"gutentor-single-item-image-box\"><div class=\"gutentor-image-thumb\"><img decoding=\"async\" class=\"normal-image\" src=\"https:\/\/huisgeuronline.nl\/wp-content\/uploads\/2022\/02\/Olie-eacualyputs-met-eigen-logo.jpg\" alt=\"Etherische olie eucalyptus \" \/><div class=\"overlay\"><\/div><\/div><\/div><div class=\"gutentor-single-item-content\"><div class=\"gutentor-gallery-item-header\"><h4 class=\"gutentor-single-item-title\">Eucalyptus<\/h4><a href=\"https:\/\/huisgeuronline.nl\/wp-content\/uploads\/2022\/02\/Olie-eacualyputs-met-eigen-logo.jpg\" class=\"image-gallery\"><i class=\"gallery-icon fas fa-search\"><\/i><\/a><\/div><div class=\"gutentor-gallery-item-desc\"><\/div><\/div><\/div><\/div><\/div><div class=\"gutentor-gallery-item grid-lg-4 grid-md-4 grid-12 gutentor-rm-col-space\"><div class=\"gutentor-single-item gutentor-image gutentor-single-item-3\"><div class=\"gutentor-gallery-item-wrap\"><div class=\"gutentor-single-item-image-box\"><div class=\"gutentor-image-thumb\"><img decoding=\"async\" class=\"normal-image\" src=\"https:\/\/huisgeuronline.nl\/wp-content\/uploads\/2022\/02\/Olie-en-rozemarijn-met-eigen-logo.jpg\" alt=\"Etherische olie rozemarijn\" \/><div class=\"overlay\"><\/div><\/div><\/div><div class=\"gutentor-single-item-content\"><div class=\"gutentor-gallery-item-header\"><h4 class=\"gutentor-single-item-title\">Rozemarijn<\/h4><a href=\"https:\/\/huisgeuronline.nl\/wp-content\/uploads\/2022\/02\/Olie-en-rozemarijn-met-eigen-logo.jpg\" class=\"image-gallery\"><i class=\"gallery-icon fas fa-search\"><\/i><\/a><\/div><div class=\"gutentor-gallery-item-desc\"><\/div><\/div><\/div><\/div><\/div><div class=\"gutentor-gallery-item grid-lg-4 grid-md-4 grid-12 gutentor-rm-col-space\"><div class=\"gutentor-single-item gutentor-image gutentor-single-item-4\"><div class=\"gutentor-gallery-item-wrap\"><div class=\"gutentor-single-item-image-box\"><div class=\"gutentor-image-thumb\"><img decoding=\"async\" class=\"normal-image\" src=\"https:\/\/huisgeuronline.nl\/wp-content\/uploads\/2022\/02\/Olie-gekleurde-bloemen-met-eigen-logo.jpg\" alt=\"Etherische olie verschillende bloemen\" \/><div class=\"overlay\"><\/div><\/div><\/div><div class=\"gutentor-single-item-content\"><div class=\"gutentor-gallery-item-header\"><h4 class=\"gutentor-single-item-title\">Bloemen<\/h4><a href=\"https:\/\/huisgeuronline.nl\/wp-content\/uploads\/2022\/02\/Olie-gekleurde-bloemen-met-eigen-logo.jpg\" class=\"image-gallery\"><i class=\"gallery-icon fas fa-search\"><\/i><\/a><\/div><div class=\"gutentor-gallery-item-desc\"><\/div><\/div><\/div><\/div><\/div><div class=\"gutentor-gallery-item grid-lg-4 grid-md-4 grid-12 gutentor-rm-col-space\"><div class=\"gutentor-single-item gutentor-image gutentor-single-item-5\"><div class=\"gutentor-gallery-item-wrap\"><div class=\"gutentor-single-item-image-box\"><div class=\"gutentor-image-thumb\"><img decoding=\"async\" class=\"normal-image\" src=\"https:\/\/huisgeuronline.nl\/wp-content\/uploads\/2022\/02\/Olie-sinaasappel-2-met-eigen-logo.jpg\" alt=\"Etherische olie sinaasappel\" \/><div class=\"overlay\"><\/div><\/div><\/div><div class=\"gutentor-single-item-content\"><div class=\"gutentor-gallery-item-header\"><h4 class=\"gutentor-single-item-title\">Sinaasappel<\/h4><a href=\"https:\/\/huisgeuronline.nl\/wp-content\/uploads\/2022\/02\/Olie-sinaasappel-2-met-eigen-logo.jpg\" class=\"image-gallery\"><i class=\"gallery-icon fas fa-search\"><\/i><\/a><\/div><div class=\"gutentor-gallery-item-desc\"><\/div><\/div><\/div><\/div><\/div><div class=\"gutentor-gallery-item grid-lg-4 grid-md-4 grid-12 gutentor-rm-col-space\"><div class=\"gutentor-single-item gutentor-image gutentor-single-item-6\"><div class=\"gutentor-gallery-item-wrap\"><div class=\"gutentor-single-item-image-box\"><div class=\"gutentor-image-thumb\"><img decoding=\"async\" class=\"normal-image\" src=\"https:\/\/huisgeuronline.nl\/wp-content\/uploads\/2022\/02\/Olie-hout-met-eigen-logo.jpg\" alt=\"Etherische olie hout\" \/><div class=\"overlay\"><\/div><\/div><\/div><div class=\"gutentor-single-item-content\"><div class=\"gutentor-gallery-item-header\"><h4 class=\"gutentor-single-item-title\">Hout<\/h4><a href=\"https:\/\/huisgeuronline.nl\/wp-content\/uploads\/2022\/02\/Olie-hout-met-eigen-logo.jpg\" class=\"image-gallery\"><i class=\"gallery-icon fas fa-search\"><\/i><\/a><\/div><div class=\"gutentor-gallery-item-desc\"><\/div><\/div><\/div><\/div><\/div><div class=\"gutentor-gallery-item grid-lg-4 grid-md-4 grid-12 gutentor-rm-col-space\"><div class=\"gutentor-single-item gutentor-image gutentor-single-item-7\"><div class=\"gutentor-gallery-item-wrap\"><div class=\"gutentor-single-item-image-box\"><div class=\"gutentor-image-thumb\"><img decoding=\"async\" class=\"normal-image\" src=\"https:\/\/huisgeuronline.nl\/wp-content\/uploads\/2022\/02\/Olie-lavendell-met-eigen-logo.jpg\" alt=\"Etherische olie lavendel\" \/><div class=\"overlay\"><\/div><\/div><\/div><div class=\"gutentor-single-item-content\"><div class=\"gutentor-gallery-item-header\"><h4 class=\"gutentor-single-item-title\">Lavendel<\/h4><a href=\"https:\/\/huisgeuronline.nl\/wp-content\/uploads\/2022\/02\/Olie-lavendell-met-eigen-logo.jpg\" class=\"image-gallery\"><i class=\"gallery-icon fas fa-search\"><\/i><\/a><\/div><div class=\"gutentor-gallery-item-desc\"><\/div><\/div><\/div><\/div><\/div><div class=\"gutentor-gallery-item grid-lg-4 grid-md-4 grid-12 gutentor-rm-col-space\"><div class=\"gutentor-single-item gutentor-image gutentor-single-item-8\"><div class=\"gutentor-gallery-item-wrap\"><div class=\"gutentor-single-item-image-box\"><div class=\"gutentor-image-thumb\"><img decoding=\"async\" class=\"normal-image\" src=\"https:\/\/huisgeuronline.nl\/wp-content\/uploads\/2022\/02\/Olie-lemongras-met-eigen-logo.jpg\" alt=\"Etherische olie lemongras\" \/><div class=\"overlay\"><\/div><\/div><\/div><div class=\"gutentor-single-item-content\"><div class=\"gutentor-gallery-item-header\"><h4 class=\"gutentor-single-item-title\">Lemongrass<\/h4><a href=\"https:\/\/huisgeuronline.nl\/wp-content\/uploads\/2022\/02\/Olie-lemongras-met-eigen-logo.jpg\" class=\"image-gallery\"><i class=\"gallery-icon fas fa-search\"><\/i><\/a><\/div><div class=\"gutentor-gallery-item-desc\"><\/div><\/div><\/div><\/div><\/div><div class=\"gutentor-gallery-item grid-lg-4 grid-md-4 grid-12 gutentor-rm-col-space\"><div class=\"gutentor-single-item gutentor-image gutentor-single-item-9\"><div class=\"gutentor-gallery-item-wrap\"><div class=\"gutentor-single-item-image-box\"><div class=\"gutentor-image-thumb\"><img decoding=\"async\" class=\"normal-image\" src=\"https:\/\/huisgeuronline.nl\/wp-content\/uploads\/2022\/02\/Olie-grote-roze-bloemen-met-eigen-logo.jpg\" alt=\"Etherische olie roze bloem\" \/><div class=\"overlay\"><\/div><\/div><\/div><div class=\"gutentor-single-item-content\"><div class=\"gutentor-gallery-item-header\"><h4 class=\"gutentor-single-item-title\">Pioenroos<\/h4><a href=\"https:\/\/huisgeuronline.nl\/wp-content\/uploads\/2022\/02\/Olie-grote-roze-bloemen-met-eigen-logo.jpg\" class=\"image-gallery\"><i class=\"gallery-icon fas fa-search\"><\/i><\/a><\/div><div class=\"gutentor-gallery-item-desc\"><\/div><\/div><\/div><\/div><\/div><div class=\"gutentor-gallery-item grid-lg-4 grid-md-4 grid-12 gutentor-rm-col-space\"><div class=\"gutentor-single-item gutentor-image gutentor-single-item-10\"><div class=\"gutentor-gallery-item-wrap\"><div class=\"gutentor-single-item-image-box\"><div class=\"gutentor-image-thumb\"><img decoding=\"async\" class=\"normal-image\" src=\"https:\/\/huisgeuronline.nl\/wp-content\/uploads\/2022\/02\/Olie-madeliefjes-met-eigen-logo.jpg\" alt=\"Etherische olie madeliefje\" \/><div class=\"overlay\"><\/div><\/div><\/div><div class=\"gutentor-single-item-content\"><div class=\"gutentor-gallery-item-header\"><h4 class=\"gutentor-single-item-title\">Madelief<\/h4><a href=\"https:\/\/huisgeuronline.nl\/wp-content\/uploads\/2022\/02\/Olie-madeliefjes-met-eigen-logo.jpg\" class=\"image-gallery\"><i class=\"gallery-icon fas fa-search\"><\/i><\/a><\/div><div class=\"gutentor-gallery-item-desc\"><\/div><\/div><\/div><\/div><\/div><div class=\"gutentor-gallery-item grid-lg-4 grid-md-4 grid-12 gutentor-rm-col-space\"><div class=\"gutentor-single-item gutentor-image gutentor-single-item-11\"><div class=\"gutentor-gallery-item-wrap\"><div class=\"gutentor-single-item-image-box\"><div class=\"gutentor-image-thumb\"><img decoding=\"async\" class=\"normal-image\" src=\"https:\/\/huisgeuronline.nl\/wp-content\/uploads\/2022\/02\/Olie-rode-vrucht-druppel-met-eigen-logo.jpg\" alt=\"Etherische olie rode vrucht\" \/><div class=\"overlay\"><\/div><\/div><\/div><div class=\"gutentor-single-item-content\"><div class=\"gutentor-gallery-item-header\"><h4 class=\"gutentor-single-item-title\">Granaatappel<\/h4><a href=\"https:\/\/huisgeuronline.nl\/wp-content\/uploads\/2022\/02\/Olie-rode-vrucht-druppel-met-eigen-logo.jpg\" class=\"image-gallery\"><i class=\"gallery-icon fas fa-search\"><\/i><\/a><\/div><div class=\"gutentor-gallery-item-desc\"><\/div><\/div><\/div><\/div><\/div><div class=\"gutentor-gallery-item grid-lg-4 grid-md-4 grid-12 gutentor-rm-col-space\"><div class=\"gutentor-single-item gutentor-image gutentor-single-item-12\"><div class=\"gutentor-gallery-item-wrap\"><div class=\"gutentor-single-item-image-box\"><div class=\"gutentor-image-thumb\"><img decoding=\"async\" class=\"normal-image\" src=\"https:\/\/huisgeuronline.nl\/wp-content\/uploads\/2022\/02\/Olie-gele-bloem-met-eigen-logo.jpg\" alt=\"Etherische olie gele bloem\" \/><div class=\"overlay\"><\/div><\/div><\/div><div class=\"gutentor-single-item-content\"><div class=\"gutentor-gallery-item-header\"><h4 class=\"gutentor-single-item-title\">Lelie<\/h4><a href=\"https:\/\/huisgeuronline.nl\/wp-content\/uploads\/2022\/02\/Olie-gele-bloem-met-eigen-logo.jpg\" class=\"image-gallery\"><i class=\"gallery-icon fas fa-search\"><\/i><\/a><\/div><div class=\"gutentor-gallery-item-desc\"><\/div><\/div><\/div><\/div><\/div><div class=\"gutentor-gallery-item grid-lg-4 grid-md-4 grid-12 gutentor-rm-col-space\"><div class=\"gutentor-single-item gutentor-image gutentor-single-item-13\"><div class=\"gutentor-gallery-item-wrap\"><div class=\"gutentor-single-item-image-box\"><div class=\"gutentor-image-thumb\"><img decoding=\"async\" class=\"normal-image\" src=\"https:\/\/huisgeuronline.nl\/wp-content\/uploads\/2022\/02\/Olie-witte-rozen-met-eigen-logo.jpg\" alt=\"Etherische olie rozen\" \/><div class=\"overlay\"><\/div><\/div><\/div><div class=\"gutentor-single-item-content\"><div class=\"gutentor-gallery-item-header\"><h4 class=\"gutentor-single-item-title\">Roos<\/h4><a href=\"https:\/\/huisgeuronline.nl\/wp-content\/uploads\/2022\/02\/Olie-witte-rozen-met-eigen-logo.jpg\" class=\"image-gallery\"><i class=\"gallery-icon fas fa-search\"><\/i><\/a><\/div><div class=\"gutentor-gallery-item-desc\"><\/div><\/div><\/div><\/div><\/div><div class=\"gutentor-gallery-item grid-lg-4 grid-md-4 grid-12 gutentor-rm-col-space\"><div class=\"gutentor-single-item gutentor-image gutentor-single-item-14\"><div class=\"gutentor-gallery-item-wrap\"><div class=\"gutentor-single-item-image-box\"><div class=\"gutentor-image-thumb\"><img decoding=\"async\" class=\"normal-image\" src=\"https:\/\/huisgeuronline.nl\/wp-content\/uploads\/2022\/02\/Olie-en-sinaasappel-met-eigen-logo.jpg\" alt=\"Etherische olie grapefruit\" \/><div class=\"overlay\"><\/div><\/div><\/div><div class=\"gutentor-single-item-content\"><div class=\"gutentor-gallery-item-header\"><h4 class=\"gutentor-single-item-title\">Grapefruit<\/h4><a href=\"https:\/\/huisgeuronline.nl\/wp-content\/uploads\/2022\/02\/Olie-en-sinaasappel-met-eigen-logo.jpg\" class=\"image-gallery\"><i class=\"gallery-icon fas fa-search\"><\/i><\/a><\/div><div class=\"gutentor-gallery-item-desc\"><\/div><\/div><\/div><\/div><\/div><div class=\"gutentor-gallery-item grid-lg-4 grid-md-4 grid-12 gutentor-rm-col-space\"><div class=\"gutentor-single-item gutentor-image gutentor-single-item-15\"><div class=\"gutentor-gallery-item-wrap\"><div class=\"gutentor-single-item-image-box\"><div class=\"gutentor-image-thumb\"><img decoding=\"async\" class=\"normal-image\" src=\"https:\/\/huisgeuronline.nl\/wp-content\/uploads\/2022\/02\/Olie-munt-met-eigen-logo.jpg\" alt=\"Etherische olie munt\" \/><div class=\"overlay\"><\/div><\/div><\/div><div class=\"gutentor-single-item-content\"><div class=\"gutentor-gallery-item-header\"><h4 class=\"gutentor-single-item-title\">Munt<\/h4><a href=\"https:\/\/huisgeuronline.nl\/wp-content\/uploads\/2022\/02\/Olie-munt-met-eigen-logo.jpg\" class=\"image-gallery\"><i class=\"gallery-icon fas fa-search\"><\/i><\/a><\/div><div class=\"gutentor-gallery-item-desc\"><\/div><\/div><\/div><\/div><\/div><div class=\"gutentor-gallery-item grid-lg-4 grid-md-4 grid-12 gutentor-rm-col-space\"><div class=\"gutentor-single-item gutentor-image gutentor-single-item-16\"><div class=\"gutentor-gallery-item-wrap\"><div class=\"gutentor-single-item-image-box\"><div class=\"gutentor-image-thumb\"><img decoding=\"async\" class=\"normal-image\" src=\"https:\/\/huisgeuronline.nl\/wp-content\/uploads\/2022\/02\/olie-roze-geranium-met-eigen-logo.jpg\" alt=\"Etherische olie geranium\" \/><div class=\"overlay\"><\/div><\/div><\/div><div class=\"gutentor-single-item-content\"><div class=\"gutentor-gallery-item-header\"><h4 class=\"gutentor-single-item-title\">Bloem<\/h4><a href=\"https:\/\/huisgeuronline.nl\/wp-content\/uploads\/2022\/02\/olie-roze-geranium-met-eigen-logo.jpg\" class=\"image-gallery\"><i class=\"gallery-icon fas fa-search\"><\/i><\/a><\/div><div class=\"gutentor-gallery-item-desc\"><\/div><\/div><\/div><\/div><\/div><div class=\"gutentor-gallery-item grid-lg-4 grid-md-4 grid-12 gutentor-rm-col-space\"><div class=\"gutentor-single-item gutentor-image gutentor-single-item-17\"><div class=\"gutentor-gallery-item-wrap\"><div class=\"gutentor-single-item-image-box\"><div class=\"gutentor-image-thumb\"><img decoding=\"async\" class=\"normal-image\" src=\"https:\/\/huisgeuronline.nl\/wp-content\/uploads\/2022\/02\/Olie-lemoen-met-eigen-logo.jpg\" alt=\"Etherische olie limoen\" \/><div class=\"overlay\"><\/div><\/div><\/div><div class=\"gutentor-single-item-content\"><div class=\"gutentor-gallery-item-header\"><h4 class=\"gutentor-single-item-title\">Limoen<\/h4><a href=\"https:\/\/huisgeuronline.nl\/wp-content\/uploads\/2022\/02\/Olie-lemoen-met-eigen-logo.jpg\" class=\"image-gallery\"><i class=\"gallery-icon fas fa-search\"><\/i><\/a><\/div><div class=\"gutentor-gallery-item-desc\"><\/div><\/div><\/div><\/div><\/div><\/div><\/div><\/div>\n\n\n\n<div id=\"section-g40d1b1\" class=\"wp-block-gutentor-e2 section-g40d1b1 gutentor-element gutentor-element-button button-align-center-desktop\"><span class=\"gutentor-button-wrap\"><a class=\"gutentor-button gutentor-block-button gutentor-icon-hide\" href=\"https:\/\/huisgeuronline.nl\/index.php\/abonneer\/\"><i class=\"gutentor-button-icon fas fa-book\"><\/i><span>ABONNEER HIER<\/span><\/a><\/span><\/div>\n","protected":false},"excerpt":{"rendered":"","protected":false},"author":1,"featured_media":0,"parent":0,"menu_order":0,"comment_status":"closed","ping_status":"closed","template":"template-full.php","meta":{"_monsterinsights_skip_tracking":false,"_monsterinsights_sitenote_active":false,"_monsterinsights_sitenote_note":"","_monsterinsights_sitenote_category":0,"footnotes":""},"class_list":["post-198","page","type-page","status-publish","hentry"],"_links":{"self":[{"href":"https:\/\/huisgeuronline.nl\/index.php\/wp-json\/wp\/v2\/pages\/198","targetHints":{"allow":["GET"]}}],"collection":[{"href":"https:\/\/huisgeuronline.nl\/index.php\/wp-json\/wp\/v2\/pages"}],"about":[{"href":"https:\/\/huisgeuronline.nl\/index.php\/wp-json\/wp\/v2\/types\/page"}],"author":[{"embeddable":true,"href":"https:\/\/huisgeuronline.nl\/index.php\/wp-json\/wp\/v2\/users\/1"}],"replies":[{"embeddable":true,"href":"https:\/\/huisgeuronline.nl\/index.php\/wp-json\/wp\/v2\/comments?post=198"}],"version-history":[{"count":51,"href":"https:\/\/huisgeuronline.nl\/index.php\/wp-json\/wp\/v2\/pages\/198\/revisions"}],"predecessor-version":[{"id":1377,"href":"https:\/\/huisgeuronline.nl\/index.php\/wp-json\/wp\/v2\/pages\/198\/revisions\/1377"}],"wp:attachment":[{"href":"https:\/\/huisgeuronline.nl\/index.php\/wp-json\/wp\/v2\/media?parent=198"}],"curies":[{"name":"wp","href":"https:\/\/api.w.org\/{rel}","templated":true}]}}